t of m?
2
Suppose -25*f = -7*f - 1980. What is the tens digit of f?
1
What is the tens digit of ((-4)/3)/((-2)/78)?
5
What is the units digit of 24/(-36) + (-310)/(-6)?
1
Let s(g) = g**3 - 8*g**2 - 14*g + 11. What is the units digit of s(10)?
1
Let l(c) be the third derivative of -c**6/120 + c**5/30 + c**4/6 - c**3/2 - 3*c**2. What is the units digit of l(2)?
5
Let n be 4/18 + 124/9. Suppose 4*f - 16 = -0. Suppose -5*g + n = -f*g. What is the units digit of g?
4
Let f be 417/15 - (-2)/10. Let w be (-1)/3 - f/(-21). Let r(g) = 15*g**2 + 1. What is the units digit of r(w)?
6
Suppose 0 = 4*t - 3*t + 4*s + 3, -5*t - 15 = -4*s. What is the units digit of (-17)/(-1) + 3 + t?
7
Suppose -4*f + 81 + 111 = 4*w, -f - 264 = -5*w. What is the tens digit of w?
5
Let u(q) = -q + 5. Let o be u(5). What is the tens digit of (-1 - 0) + o + 22?
2
Let j(w) = w**3 + 4*w**2 + 3*w + 3. Let u be 13 + 2/(-3)*-3. Suppose 3*h + u = -2*h. What is the units digit of j(h)?
3
Let x = 704 + -361. What is the tens digit of x?
4
Let a be (-1)/(-2) - 27/6. Let o be ((-9)/6)/(3/a). Suppose o*s - 40 = -14. What is the units digit of s?
3
What is the tens digit of 232/(-12)*(-6)/4?
2
Let c(a) = -a**3 - 9*a**2 - 10*a - 11. What is the units digit of c(-8)?
5
Let w = 12 + 1. What is the tens digit of w?
1
Let t(p) be the second derivative of -p**4/12 + 4*p**3/3 - p**2/2 - 2*p. Let k be t(8). Let q = k + 3. What is the units digit of q?
2
Suppose -5*k + 30 = -40. What is the tens digit of k?
1
Suppose 9 = 3*t - 4*t + 4*s, 0 = -2*t - 5*s + 21. Suppose 37 = 4*m - t. Suppose 2*x - 12 = -4*a, x = -x - 3*a + m. What is the units digit of x?
2
Suppose 639 = z + 3*z - q, -801 = -5*z + 2*q. What is the tens digit of z?
5
Let j = 63 - 39. Suppose k - j = 5*k. Let h(s) = s**3 + 7*s**2 + 5*s + 6. What is the units digit of h(k)?
2
Let x be 944/12 - (-4)/(-6). Suppose x = 7*v - 4*v. What is the units digit of v?
6
Let c be 1 - (5 - 3 - 1). Suppose c*u - 31 = -u. What is the tens digit of u?
3
What is the units digit of (7/(-1))/(6/(-42))?
9
Suppose -4*n + 5*i - 97 = 0, 5*n + 2*i = -150 + 4. Let r = n - -43. What is the units digit of r?
5
Let o = 18 + -4. Let a = o + 3. What is the tens digit of a?
1
Suppose -4*i - 11 = -4*m + 17, -5*m = 2*i + 7. Let f be (4/6)/(4/i). Let b = f - -11. What is the tens digit of b?
1
Let t = 29 + 30. What is the tens digit of t?
5
What is the units digit of 4 + (-48)/(4/(-1))?
6
Let r = 4 + -2. Suppose -4 = -p - r. What is the units digit of 2/(-2)*(-10)/p?
5
Let s = 1 - -1. Suppose -s = -2*c + c. Suppose 0*p - r = c*p - 25, 0 = -p + 4*r + 8. What is the tens digit of p?
1
Suppose -2*f - 6*l + 5 = -l, 5*l - 5 = -3*f. Suppose 5*z + a + 0*a - 83 = f, 4*a - 44 = -2*z. What is the units digit of z?
6
Suppose -7 = -2*g - u, 3*g - 3 = -2*u + 10. Suppose 2 = h + 4. What is the units digit of (h - -6) + 1 + g?
6
Let q(y) = -y**2 - 8*y + 5. What is the units digit of q(-6)?
7
Let t = 16 - 11. Suppose s + 2 = u, 3*u - 5*u = -5*s + t. What is the units digit of u?
5
Let o = -19 + 231. What is the hundreds digit of o?
2
Let j(b) = -4*b**3 - 2*b**2 - 1. What is the units digit of j(-2)?
3
Suppose -1 = 5*x - m - 38, 4*m + 15 = x. What is the units digit of x?
7
Let g(q) = 428*q + 5. What is the hundreds digit of g(1)?
4
Let w(f) = f**3 - 7*f**2 + 5*f + 7. What is the units digit of w(7)?
2
Suppose 3*s + 1 = 4*s, -3*s = -4*p - 19. Let f be (2 + p)*1/2. What is the units digit of (f + -4)*(0 + -1)?
5
Let q(j) = -j + 3. Let g be q(0). Let v = 14 - g. What is the units digit of v?
1
Let m(g) = -g**3 + 5*g**2 + 4*g + 2. What is the tens digit of m(-3)?
6
Let i be (-3 - -2)/((-2)/(-24)). What is the units digit of (-34)/i - 8/(-48)?
3
Let u(x) = -8*x - 11. What is the units digit of u(-9)?
1
Suppose 2*g = -3*r - 3*g + 164, g + 52 = r. Let u = -20 + r. What is the tens digit of u?
3
Let i = 402 - 231. Suppose 5*l - i = 2*g, 2*l - 5*g - 82 + 22 = 0. What is the units digit of l?
5
What is the tens digit of -4 + 150/3 + 3?
4
Let i(t) = 5*t - 4. What is the units digit of i(5)?
1
Let l = 0 - 2. Let w be l/(-3*(-6)/(-27)). Let x = w - -5. What is the units digit of x?
8
Let c = 83 + 1. What is the units digit of c?
4
Let d(p) = -p**2 + 4*p + 3. Let b be d(5). Suppose -3*w + 14 = -7. Let x = b + w. What is the units digit of x?
5
Let h(g) = g**2 + 6*g - 7. Let t(r) = -3*r**2 - 17*r + 22. Let l(j) = -7*h(j) - 2*t(j). Let y be l(-8). Suppose 2*a - y*a = -12. What is the units digit of a?
4
Let z = 8 - 3. Suppose 4*w - 59 = -o, 0 = -3*o + w + 26 + 112. Suppose -p + 4 = -a + 11, -p - o = -z*a. What is the units digit of a?
0
Let a(f) = -f**2 - 10*f - 4. Let l be a(-9). Suppose -3*p + 7*p = -l*m + 81, m - 3*p - 20 = 0. What is the tens digit of m?
1
Suppose n - 92 = -3*n. What is the tens digit of n?
2
Let n = 14 + -10. Let q(d) = -d**3 - d**2 - d + 1. Let g be q(0). Let k = g + n. What is the units digit of k?
5
Let i(c) be the second derivative of c**7/840 - c**6/60 + 5*c**4/24 - c**3/3 - 2*c. Let w(b) be the second derivative of i(b). What is the units digit of w(6)?
5
Let x(o) = o**2 + 7*o - 13. Let h be x(-9). Let d(f) = -f - 6. Let j be d(-6). Suppose j = -h*s + 3 + 12. What is the units digit of s?
3
Suppose 0 = q - 4*q - 12. What is the units digit of (-1)/(-4) - 15/q?
4
Let a(j) = 2*j**2 + 2*j - 6. What is the units digit of a(-4)?
8
Suppose 0 = -3*t + r + 826 - 282, 3*t - 4*r - 556 = 0. What is the units digit of t?
0
Let x(y) = y + y - 2*y - 8 + y. Let m be x(11). Suppose -m*t + t + 28 = 0. What is the tens digit of t?
1
Let y = -3 - -5. Let m(d) be the second derivative of d**4/6 - d**3/6 - 4*d. What is the units digit of m(y)?
6
Let k(j) = 1. Let t(a) = a + 8. Suppose y + 3 = -3. Let r(s) = y*k(s) + t(s). What is the units digit of r(3)?
5
Let h(j) = j**3 - 5*j**2 - 5*j - 6. Let d be h(6). Suppose 0*a + 5*c + 1 = 2*a, 3*a - 10 = -c. Let i = d + a. What is the units digit of i?
3
Let l = 2 + -8. What is the units digit of 22*1/l*-3?
1
Let y(z) = 2*z**3 - 3*z**2 + 4. Let t be y(2). Let b(j) = -j**3 + 8*j**2 + 4*j - 3. What is the units digit of b(t)?
9
What is the tens digit of (0 - -220)/1 - 0?
2
Let y = -7 + 4. Let c be -2*y/((-6)/(-5)). Let k = -1 + c. What is the units digit of k?
4
Let p be ((-12)/(-9) - 1)*9. Suppose -p*y = -y + 4. What is the units digit of (-1 - 1)/(1/y)?
4
Let d(f) = -2*f - 4. Let y(h) = h - 24. Let s be y(13). What is the tens digit of d(s)?
1
Let p(v) be the first derivative of -v**2/2 - 2*v + 4. Let k be p(-5). What is the tens digit of (9/(-2))/(k/(-8))?
1
Suppose -5*h - 41 = -m - m, 0 = m + h - 24. What is the tens digit of m?
2
Let c(b) = -2 - 2 - b**2 + 10 + 11*b + 8. What is the units digit of c(12)?
2
Let u(w) = -w**3 - 4*w**2 + 4*w - 2. Let c be u(-5). Let f(p) = -c*p - p**3 + 5*p**2 + 2*p - 5*p**2 + 15. What is the units digit of f(0)?
5
Let k(c) = -c**2 - 7*c - 4. Let p be k(-6). Let u = 5 + p. Suppose 4*s - u = 29. What is the units digit of s?
9
Suppose 4*b + 3*a - 192 = 0, -2*b - 3*b = -3*a - 267. Suppose k = -2*k + b. What is the units digit of k?
7
Suppose -5*q - 55 + 175 = 0. What is the tens digit of q?
2
Suppose -218 = -3*c + c. What is the units digit of c?
9
Let i be (24 + 2)/(4 - 3). Suppose -4*o = -b - 47, 0*b + 2*b = -2*o + i. What is the tens digit of o?
1
What is the hundreds digit of (756 + -1)*16/40?
3
Suppose 0 = -3*p + 7*p - 28. Suppose -5*r = -8 - p. Suppose -r*f + 15 = -30. What is the units digit of f?
5
Let y(g) be the second derivative of g**4/6 - g**3 + 2*g**2 - g. Let s(d) = 4*d**2 + d - 1. Let q be s(1). What is the tens digit of y(q)?
1
Let h(v) = 4*v**2 + 17*v + 38. What is the tens digit of h(-10)?
6
Let y be 1 + (-3 - 1) - -3. Suppose y = 4*k - 3 - 9. What is the units digit of 3 - (-3 - -3)/k?
3
Let a be (-3)/(-2)*(-64)/(-12). Suppose x - a + 2 = 0. Suppose -3*h = -5*l - 33, 5*h - l - 95 = -x*l. What is the units digit of h?
6
What is the units digit of (-6870)/(-21) - ((-1)/(-7) - 0)?
7
Let a(p) = -p**3 + p**2 + 14*p + 16. What is the units digit of a(-6)?
4
Let l(i) be the third derivative of 0*i**3 + 0*i + 1/120*i**6 + 1/10*i**5 + 0 + 1/4*i**4 + i**2. What is the units digit of l(-4)?
8
Let w be (-3 + 0)/(-3)*-7. Let u = w + -5. Let o = -8 - u. What is the units digit of o?
4
Suppose -79 = -3*s + 2*t, t + 7